 factor of 11086645?
False
Is 862 a factor of 479332340?
True
Is 87 a factor of 16850276?
False
Is 14 a factor of 109986633?
False
Is 291870778 a multiple of 19?
False
Is 56999960 a multiple of 20?
True
Is 56 a factor of 429632?
True
Is 3877 a factor of 92266282?
False
Is 143 a factor of 916340651?
False
Is 1146 a factor of 25453806?
True
Does 233 divide 52307568?
True
Is 291 a factor of 113502565?
False
Is 42 a factor of 26680584?
True
Is 62510378 a multiple of 2051?
True
Is 117191025 a multiple of 2011?
True
Does 690 divide 48447660?
True
Is 186683484 a multiple of 876?
True
Is 17 a factor of 20520955?
True
Is 47 a factor of 38424803?
True
Is 1207 a factor of 603010456?
False
Is 18 a factor of 402351491?
False
Is 251703640 a multiple of 2888?
True
Is 101261630 a multiple of 178?
False
Does 105 divide 7852005?
True
Does 1007 divide 513499566?
False
Is 60922412 even?
True
Does 11 divide 304927933?
False
Is 11371680 a multiple of 3576?
True
Does 8 divide 2088669?
False
Does 9 divide 39276736?
False
Does 733 divide 4209616145?
False
Is 1007 a factor of 2434244261?
True
Is 978 a factor of 319529?
False
Does 1062 divide 33255468?
True
Does 10 divide 15132690?
True
Is 633240516 a multiple of 12?
True
Does 219 divide 496478682?
False
Does 14 divide 77208921?
False
Does 26 divide 21718034?
True
Is 249 a factor of 9337749?
True
Is 89 a factor of 1405290469?
False
Is 11756645 a multiple of 168?
False
Is 332338676 a multiple of 3828?
False
Is 105 a factor of 178992660?
True
Is 1806301823 a multiple of 127?
True
Is 477300644 a multiple of 18?
False
Is 14 a factor of 462045485?
False
Is 137 a factor of 1562795853?
True
Is 489172590 a multiple of 15?
True
Does 15 divide 9322410?
True
Does 161 divide 8601908?
True
Is 4905 a factor of 1263989070?
True
Is 2045223097 a multiple of 199?
True
Is 99 a factor of 4605667209?
True
Is 67638011 a multiple of 101?
False
Is 26546100 a multiple of 30?
True
Is 113 a factor of 3591193336?
True
Is 15829904 a multiple of 997?
False
Does 83 divide 43572593?
True
Is 121 a factor of 39598831?
False
Does 15 divide 2710605509?
False
Does 39 divide 32346054?
True
Does 1183 divide 58054542?
True
Does 248 divide 21461208?
False
Is 526 a factor of 43063094?
True
Is 160 a factor of 141006560?
True
Is 510 a factor of 70848022?
False
Is 122387601 a multiple of 56?
False
Does 1292 divide 1436260589?
False
Does 161 divide 353906971?
False
Is 21 a factor of 33387413?
False
Is 12603123 a multiple of 12?
False
Is 1669 a factor of 532700941?
False
Does 521 divide 36401228?
True
Is 1491380782 a multiple of 482?
True
Is 252575043 a multiple of 1148?
False
Is 32939940 a multiple of 1595?
True
Does 394 divide 16960912?
True
Does 268 divide 44321036?
True
Does 63 divide 640052469?
True
Is 7989503 a multiple of 190?
False
Does 33 divide 37542647?
False
Is 158015578 a multiple of 901?
True
Does 434 divide 651256494?
True
Is 26 a factor of 1114006998?
True
Does 819 divide 18802476?
False
Is 432166770 a multiple of 10?
True
Is 29 a factor of 16898938?
True
Does 3 divide 529332?
True
Is 1278104182 a multiple of 11?
False
Is 811 a factor of 245199355?
False
Is 11 a factor of 207511282?
True
Is 10659056 a multiple of 11?
False
Does 5 divide 1460512410?
True
Is 120 a factor of 1931864903?
False
Is 324562606 a multiple of 986?
True
Is 3820 a factor of 232888912?
False
Does 5 divide 197884640?
True
Is 719 a factor of 134197036?
True
Does 52 divide 104917852?
True
Is 75123440 a multiple of 112?
True
Is 56241241 a multiple of 265?
False
Does 2 divide 157714144?
True
Is 303 a factor of 1117078281?
True
Does 18 divide 2398684114?
False
Is 111131075 a multiple of 1844?
False
Is 279152118 a multiple of 294?
True
Is 223040584 a multiple of 4661?
False
Is 2504 a factor of 40399536?
True
Is 629108862 a multiple of 451?
False
Is 44 a factor of 6494780160?
True
Is 149586192 a multiple of 63?
True
Is 59165354 a multiple of 2?
True
Is 64364421 a multiple of 33?
True
Is 154956288 a multiple of 2528?
True
Is 1621 a factor of 40265640?
True
Is 1563929934 a multiple of 14?
True
Does 5 divide 2146407?
False
Is 83 a factor of 5847516?
True
Is 14 a factor of 9862020?
True
Is 1352367141 a multiple of 170?
False
Is 83150832 a multiple of 1255?
False
Is 1038354678 a multiple of 3466?
True
Is 289854372 a multiple of 4?
True
Is 4852403978 a multiple of 214?
False
Does 1814 divide 122720728?
True
Is 12764366 a multiple of 48?
False
Is 1077995700 a multiple of 15?
True
Is 75 a factor of 22749300?
True
Does 1884 divide 27103644?
False
Is 22131300 a multiple of 537?
False
Is 11 a factor of 53387637?
False
Is 11 a factor of 128184177?
True
Is 19 a factor of 451826178?
False
Is 34588310 a multiple of 12?
False
Is 21 a factor of 677640307?
False
Is 276 a factor of 69792369?
False
Is 346 a factor of 31443442?
True
Is 1637 a factor of 48537863?
False
Is 14 a factor of 6704852?
True
Does 238 divide 177280250?
True
Is 188059 a multiple of 6?
False
Is 18 a factor of 339909462?
True
Is 178583832 a multiple of 1692?
True
Does 19 divide 280407225?
True
Does 5041 divide 1091877283?
False
Is 2594490 a multiple of 93?
False
Is 958563913 a multiple of 256?
False
Is 4505 a factor of 593671985?
False
Is 97 a factor of 762732728?
True
Is 124953268 a multiple of 758?
True
Is 818 a factor of 19689959?
False
Does 201 divide 170898803?
False
Is 131 a factor of 8264266?
True
Is 20 a factor of 45676480?
True
Does 3038 divide 284457120?
False
Does 2924 divide 185500298?
False
Does 1057 divide 1103743763?
False
Is 6264 a factor of 73896408?
True
Is 927474500 a multiple of 10?
True
Does 13 divide 134107708?
False
Does 185 divide 80960625?
True
Is 27 a factor of 12014377?
False
Is 2 a factor of 19392221?
False
Is 9 a factor of 30190486?
False
Is 125098134 a multiple of 8?
False
Does 292 divide 30921844?
False
Is 85 a factor of 475322341?
False
Does 2699 divide 820607978?
False
Is 159554250 a multiple of 6?
True
Is 53 a factor of 325112856?
False
Is 19 a factor of 6870875?
True
Is 85 a factor of 37321046?
False
Is 17395631 a multiple of 486?
False
Is 5 a factor of 504885?
True
Is 7596972 a multiple of 41?
True
Does 4 divide 7804532?
True
Does 126 divide 171366048?
True
Does 26 divide 5157418957?
False
Is 193 a factor of 107904756?
True
Is 710404269 a multiple of 553?
False
Does 168 divide 1589218344?
True
Is 183 a factor of 113344114?
False
Is 278 a factor of 55524329?
False
Is 2009 a factor of 136451280?
True
Is 175645627 a multiple of 2586?
False
Is 409 a factor of 529307213?
False
Is 21156237 a multiple of 891?
False
Does 664 divide 2103947744?
True
Does 131 divide 275944640?
False
Is 102694692 a multiple of 33?
False
Does 164 divide 37382695?
False
Is 630424787 a multiple of 17?
True
Is 20416039 a multiple of 82?
False
Is 21851952 a multiple of 1928?
True
Is 1712 a factor of 275847712?
True
Is 45266668 a multiple of 56?
False
Is 27 a factor of 28661904?
True
Does 2952 divide 287256168?
True
Is 316569968 a multiple of 16?
True
Is 6915584 a multiple of 13?
True
Is 1071892 a multiple of 43?
False
Is 6 a factor of 1311666015?
False
Is 1334 a factor of 18302480?
True
Is 34 a factor of 1880969?
False
Is 6 a factor of 15953634?
True
Does 179 divide 3749442474?
True
Is 1154 a factor of 93200502?
True
Is 2129 a factor of 132934760?
True
Is 162 a factor of 742863474?
True
Is 133447716 a multiple of 27?
True
Is 4 a factor of 733641472?
True
Is 178 a factor of 162928953?
False
Is 68807691 a multiple of 40?
False
Is 388909070 a multiple of 46?
True
Does 35 divide 57653124?
False
Does 8 divide 932256215?
False
Is 167 a factor of 29927057?
False
Is 93564416 a multiple of 22?
True
Is 752 a factor of 98682034?
False
Does 36 divide 21344105?
False
Does 94 divide 2041663268?
True
Does 55 divide 71252610?
True
Is 619 a factor of 197036109?
False
Is 34 a factor of 119758363?
False
Is 978159888 a multiple of 366?
True
Is 145 a factor of 707678462?
False
Is 9 a factor of 198861939?
True
Is 26 a factor of 2067768770?
False
Is 61583522 a multiple of 133?
True
Is 36188589 a multiple of 52?
False
Is 18 a factor of 874464505?
False
Is 81834425 a multiple of 111?
False
Is 59 a factor of 51275838?
True
Is 59284576 a multiple of 2626?
True
Is 13790814 a multiple of 2?
True
Does 122 divide 133130512?
False
Is 1831 a factor of 250747040?